583679 is divided by 22.
19
Calculate the remainder when 60329 is divided by 516.
473
What is the remainder when 3957 is divided by 875?
457
What is the remainder when 74293 is divided by 523?
27
What is the remainder when 4011 is divided by 60?
51
What is the remainder when 69694 is divided by 222?
208
What is the remainder when 6402 is divided by 803?
781
Calculate the remainder when 25710 is divided by 2142.
6
What is the remainder when 25847 is divided by 2153?
11
What is the remainder when 82590 is divided by 27?
24
What is the remainder when 3570 is divided by 2?
0
What is the remainder when 23476 is divided by 91?
89
What is the remainder when 414295 is divided by 242?
233
Calculate the remainder when 101942 is divided by 4.
2
Calculate the remainder when 42 is divided by 4.
2
What is the remainder when 3137 is divided by 147?
50
Calculate the remainder when 39487 is divided by 3033.
58
What is the remainder when 216419 is divided by 17?
9
What is the remainder when 10599 is divided by 68?
59
What is the remainder when 3111497 is divided by 20?
17
Calculate the remainder when 3100 is divided by 339.
49
What is the remainder when 159444 is divided by 12264?
12
Calculate the remainder when 12090 is divided by 12088.
2
What is the remainder when 821993 is divided by 868?
865
What is the remainder when 442838 is divided by 287?
284
Calculate the remainder when 22186 is divided by 10.
6
What is the remainder when 45686 is divided by 427?
424
What is the remainder when 511227 is divided by 85?
37
Calculate the remainder when 96835 is divided by 12.
7
Calculate the remainder when 58130 is divided by 343.
163
Calculate the remainder when 16288 is divided by 417.
25
Calculate the remainder when 10932 is divided by 1202.
114
What is the remainder when 13133 is divided by 11?
10
What is the remainder when 18057 is divided by 8917?
223
What is the remainder when 22951 is divided by 632?
199
What is the remainder when 14100 is divided by 132?
108
Calculate the remainder when 19591 is divided by 213.
208
What is the remainder when 7727 is divided by 55?
27
Calculate the remainder when 36852 is divided by 9209.
16
What is the remainder when 429 is divided by 50?
29
What is the remainder when 22372 is divided by 718?
114
What is the remainder when 40972 is divided by 48?
28
What is the remainder when 12016 is divided by 543?
70
Calculate the remainder when 31618 is divided by 344.
314
What is the remainder when 45351 is divided by 130?
111
What is the remainder when 238617 is divided by 410?
407
What is the remainder when 4718 is divided by 110?
98
What is the remainder when 3877 is divided by 10?
7
What is the remainder when 3857 is divided by 294?
35
Calculate the remainder when 2839 is divided by 569.
563
Calculate the remainder when 1089 is divided by 360.
9
What is the remainder when 102077 is divided by 2081?
108
Calculate the remainder when 94583 is divided by 340.
63
What is the remainder when 6765 is divided by 18?
15
Calculate the remainder when 101774 is divided by 209.
200
What is the remainder when 95285 is divided by 35?
15
Calculate the remainder when 33238 is divided by 252.
226
Calculate the remainder when 293 is divided by 284.
9
What is the remainder when 66707 is divided by 5558?
11
Calculate the remainder when 4181 is divided by 1392.
5
What is the remainder when 20146 is divided by 12?
10
Calculate the remainder when 11672 is divided by 2328.
32
Calculate the remainder when 2794 is divided by 1170.
454
What is the remainder when 86489 is divided by 7862?
7
What is the remainder when 257374 is divided by 383?
381
Calculate the remainder when 2572 is divided by 917.
738
What is the remainder when 97613 is divided by 66?
65
What is the remainder when 14741 is divided by 2105?
6
Calculate the remainder when 663 is divided by 416.
247
What is the remainder when 6734 is divided by 1196?
754
Calculate the remainder when 737 is divided by 557.
180
What is the remainder when 283363 is divided by 98?
45
Calculate the remainder when 415302 is divided by 127.
12
What is the remainder when 17122 is divided by 92?
10
Calculate the remainder when 41414 is divided by 41381.
33
What is the remainder when 200823 is divided by 11?
7
Calculate the remainder when 110394 is divided by 184.
178
What is the remainder when 3913 is divided by 904?
297
What is the remainder when 188186 is divided by 54?
50
Calculate the remainder when 11500 is divided by 257.
192
Calculate the remainder when 3451 is divided by 3394.
57
What is the remainder when 116824 is divided by 3157?
15
Calculate the remainder when 10810 is divided by 118.
72
What is the remainder when 33130 is divided by 109?
103
What is the remainder when 18527 is divided by 712?
15
What is the remainder when 6261 is divided by 6119?
142
What is the remainder when 9871 is divided by 910?
771
What is the remainder when 1557959 is divided by 38?
35
What is the remainder when 6308 is divided by 344?
116
What is the remainder when 51881 is divided by 6?
5
What is the remainder when 16564 is divided by 1267?
93
Calculate the remainder when 117567 is divided by 352.
351
What is the remainder when 153774 is divided by 276?
42
Calculate the remainder when 24281 is divided by 12118.
45
What is the remainder when 120686 is divided by 88?
38
Calculate the remainder when 17770 is divided by 5874.
148
Calculate the remainder when 71067 is divided by 35530.
7
Calculate the remainder when 1385 is divided by 190.
55
What is the remainder when 2465 is divided by 128?
33
Calculate the remainder when 5268 is divided by 756.
732
Calculate the remainder when 16256 is divided by 45.
11
What is the remainder when 16771 is divided by 1522?
29
What is the remainder when 4626515 is divided by 20?
15
Calculate the remainder when 12755 is divided by 1814.
57
Calculate the remainder when 1298943 is divided by 172.
171
What is the remainder when 29914 is divided by 29865?
49
Calculate the remainder when 22509 is divided by 250.
9
Calculate the remainder when 2137 is divided by 3.
1
Calculate the remainder when 4061 is divided by 677.
676
Calculate the remainder when 11918 is divided by 1082.
16
What is the remainder when 2585659 is divided by 1012?
1011
Calculate the remainder when 803271 is divided by 2282.
7
What is the remainder when 5157 is divided by 2578?
1
What is the remainder when 735 is divided by 602?
133
Calculate the remainder when 6228300 is divided by 1041.
1038
Calculate the remainder when 4019 is divided by 237.
227
What is the remainder when 15330 is divided by 950?
130
What is the remainder when 44869 is divided by 44616?
253
What is the remainder when 1428 is divided by 62?
2
What is the remainder when 782 is divided by 69?
23
What is the remainder when 4376 is divided by 293?
274
Calculate the remainder when 3773 is divided by 3075.
698
Calculate the remainder when 49002 is divided by 5.
2
Calculate the remainder when 112958 is divided by 9413.
2
Calculate the remainder when 979170 is divided by 163193.
12
Calculate the remainder when 15181 is divided by 83.
75
Calculate the remainder when 1697807 is divided by 202.
199
What is the remainder when 17470 is divided by 182?
180
Calculate the remainder when 54000 is divided by 1687.
16
What is the remainder when 33545 is divided by 590?
505
What is the remainder when 262078 is divided by 39?
37
Calculate the remainder when 288123 is divided by 1011.
999
Calculate the remainder when 3302 is divided by 95.
72
Calculate the remainder when 55903 is divided by 216.
175
What is the remainder when 9583 is divided by 84?
7
What is the remainder when 20124 is divided by 13?
0
What is the remainder when 801363 is divided by 23?
20
What is the remainder when 23856 is divided by 43?
34
What is the remainder when 52298 is divided by 27?
26
What is the remainder when 3037 is divided by 3028?
9
Calculate the remainder when 303343 is divided by 945.
943
What is the remainder when 97185 is divided by 89?
86
Calculate the remainder when 4175 is divided by 4075.
100
Calculate the remainder when 20548 is divided by 226.
208
What is the remainder when 314431 is divided by 31442?
11
What is the remainder when 25035 is divided by 81?
6
Calculate the remainder when 55360 is divided